 (-29133)/w a composite number?
False
Let m be -6*(48/(-9))/(-8) + 67724. Suppose 7*n - m = -n. Is n a prime number?
False
Suppose 11*t - 1896386 - 1966275 = 0. Is t a prime number?
True
Suppose 27 = 4*f + 3215. Let p = f - -1354. Is p prime?
True
Let y be 8/14*((1 - -2) + 4). Suppose -2*i + 25518 = 4*z, 2*z - 3*z - 51054 = -y*i. Is i prime?
True
Suppose 0 = i - 5*c - 339456, 5*i - 906234 = 2*c + 791207. Is i a prime number?
True
Let t = 3558948 + -1810767. Is t composite?
True
Suppose -2*o = c - 5*o - 15773, 4*c - 63092 = o. Suppose -3*h - 3*m + 11835 = m, 0 = -4*h - 3*m + c. Is h a prime number?
False
Let a = 2727 - 1397. Let z = a + 4696. Is (-4)/3 - 0 - z/(-6) prime?
False
Suppose -4*z + 8*z - 10646 - 10742 = 0. Is z a composite number?
False
Suppose -2*w + 4*w - 1600 = 0. Suppose -w + 3234 = 2*u. Is u a prime number?
True
Let u = -49 + 92. Let v = u + -80. Let a = -27 - v. Is a prime?
False
Is 3*2*(-165)/(-594)*32397 composite?
True
Suppose 4*a + 343 = -w, -w - 1766 = 4*w + 3*a. Let m = 1232 + w. Is m composite?
False
Suppose -1269 - 1283 = -8*g. Let f = g + -140. Is f a composite number?
False
Suppose -3*o = 2*x - 2*o + 77, -4*x + 2*o = 134. Let w = x - -32. Is 109 - (3 + 12/w)/(-2) prime?
True
Is (30/90)/(-1 - 965492/(-965490)) prime?
False
Suppose 21*g - 24*g + 170829 = -6*a, -3*a = 3*g - 170820. Is g a composite number?
False
Let r(k) be the second derivative of 1/20*k**5 - 2/3*k**3 + 13*k**2 + k**4 + 0 + 6*k. Is r(-11) composite?
False
Let u(v) be the second derivative of 3*v**4 + 5*v**3/6 + 15*v**2/2 - v. Suppose -32*m + 38 = -51*m. Is u(m) a prime number?
True
Suppose -4*d = -232847 - 474789. Suppose 0 = 7*p - 26*p + d. Is p prime?
True
Suppose 0 = -84*s + 26*s + 522. Let j(m) = 271*m**2 - 20*m - 8. Is j(s) a composite number?
True
Let o(j) = -j**2 + 8*j + 3. Let m be -1*8/4 - -10. Let i be o(m). Suppose -i*q - 2*q - a + 1268 = 0, -4*a - 262 = -q. Is q a prime number?
False
Let d(t) = t**3 - 2*t**2 - 2*t + 7. Let i be d(2). Suppose 5*z - 1613 = -k + 604, i*k - 6707 = -z. Is k prime?
True
Let c(y) = -8*y + 165. Let t be c(22). Let f(q) = 47*q**2 - 20*q - 106. Is f(t) a composite number?
False
Suppose 0 = 5*x + l - 3157269, 2*x - 47*l = -52*l + 1262926. Is x a prime number?
True
Let n = 481 + -482. Is 41315*n/(-6 + (-5)/(-5)) prime?
True
Let g = 346622 + -44119. Is g composite?
True
Suppose -296*r = 2*u - 291*r - 1617209, -3 = 3*r. Is u a prime number?
False
Suppose -3*r - 7 = 71. Let i = -15 - r. Suppose 0*x - i*x + 5951 = 0. Is x a composite number?
False
Let d(j) = 10*j**3 + 62*j**2 + 18*j - 41. Is d(18) a prime number?
True
Suppose 0 = -5*a - s + 20, 0*s + 20 = -4*s. Suppose a*q + 3 + 2 = 5*b, 0 = -3*b + 12. Suppose m + 138 = 3*l - 743, 0 = q*m - 12. Is l composite?
True
Let n = 9 - 6. Suppose 2*s + n = -5*d + 6*s, -s = 5*d + 18. Is (270 - d)*1/3 a prime number?
False
Suppose -64*w + 168 = -8*w. Suppose w*g - 186980 = 53875. Is g composite?
True
Let f = 449440 + 44337. Is f a composite number?
False
Let m = 19648 + -9089. Is m a prime number?
True
Let b be 22188/(-10) + (2 - 44/20). Let g = 1141 + b. Let z = g + 2991. Is z a prime number?
True
Let j(b) = b**2 - b. Let d(s) = 1216*s**3 + 5*s**2 - 3*s - 1. Let l(f) = d(f) - 2*j(f). Let q be ((-8)/(-16))/((-13)/(-26)). Is l(q) composite?
False
Suppose 16*x + 6*x = 592658. Suppose 4*a = 4*f - 8*f + 35924, -x = -3*f - 2*a. Is f prime?
False
Is -18416*8/(-4) + 0 + (-14 - -9) prime?
False
Suppose -13*d = 34*d - 61*d + 11801846. Is d composite?
True
Let p(b) = 27*b**2 + 4*b + 7. Let z(g) = g + 2. Let f be z(2). Let q be p(f). Suppose -70*u = -75*u + q. Is u prime?
False
Suppose -5494 - 12601 = -7*g. Suppose 152 - g = -3*n. Is 2 + n + 6/3 a prime number?
False
Let q = 124391 - 85384. Is q composite?
True
Let a(r) = r - 18. Let m(z) = 4*z - 55. Let o(f) = 8*a(f) - 3*m(f). Let u = 50 + -59. Is o(u) a prime number?
False
Suppose c = 3*t + 1, 3*t + 3*c + 3 - 6 = 0. Suppose t = 2*j - 3*v - 6218, -v - 7826 = -3*j + 1501. Is j composite?
False
Suppose 515*l - 520*l = -32275. Suppose 0 = -o - 2*v + 1633, -v + l + 1737 = 5*o. Is o a prime number?
False
Let u(i) = -5*i**3 - 6*i**2 + 14*i + 1. Let h be u(-7). Suppose k - 5*k = -h. Suppose -n = -0*n - k. Is n a composite number?
False
Suppose 4*k = 3*k + 2*b + 51093, 4 = -b. Suppose 0 = 11*c + 6*c - k. Is c prime?
False
Suppose -3*z + 2*n + 170790 = -81731, 5*z - 3*n = 420871. Is z a prime number?
True
Is (29 - 22) + 1*1357 - (2 - -5) a prime number?
False
Let f(l) = -7*l**2 + 3*l - 2. Let r(z) = -4*z**2 - z. Let s(t) = -f(t) - 5*r(t). Let m(y) = -6*y**3 + 1. Let b be m(1). Is s(b) prime?
False
Let k be (-2)/(-6)*(-2 - -2)/(-3). Suppose k = -2*c + o + 16105, -5*c - 3*o = 2*o - 40240. Suppose 6*d - c = -1037. Is d a composite number?
True
Let b(g) = g**3 + 16*g**2 - 42*g - 7. Let c be b(23). Is (-6)/(-9) - c/(-6) a composite number?
True
Suppose 2338*b - 2337*b = 16319. Is b composite?
False
Let p be ((-141)/(-12))/((-6)/(-48)). Let k = p - 69. Suppose 26*c - 1361 = k*c. Is c prime?
True
Let o = -736556 - -1128927. Is o a prime number?
False
Let r(a) = -a**3 - 6*a**2 + 39*a + 189. Let m be r(-8). Suppose 2*s - 2*b = m*s - 23555, -s + 7865 = -2*b. Is s a prime number?
False
Let g be (-27)/45 - (31196/(-10) - -2). Suppose -2*m = o - 1849 - 1278, o + g = 2*m. Suppose m = 9*l - 2*l. Is l a composite number?
False
Let g = 2560 + -171. Is g composite?
False
Let l = -37173 + -32393. Let t be 4 + (l/(-2) - (-2 + 0)). Let b = t - 23820. Is b a composite number?
True
Let z = -40 - -39. Let u be (-154)/(-88) + (z - 5/(-4)). Suppose 0 = w + u, -3*s + 7194 = s - 3*w. Is s a prime number?
False
Let u(b) be the third derivative of -79*b**4/24 + 35*b**3/6 + 20*b**2. Let n(v) = -158*v + 71. Let s(m) = -3*n(m) + 5*u(m). Is s(9) composite?
False
Let c(q) = -16*q**2 + 1 - 200*q + 393*q - 194*q - 3*q**3. Is c(-12) prime?
False
Suppose 15*t - 100*t - 5*t = -11357910. Is t a prime number?
True
Suppose -1893453 = -23*l - 120929 + 2568795. Is l a composite number?
False
Is 7277 + 6/21 + (-1080)/(-189) a prime number?
True
Suppose 15 = -2*q - 3*n, -4*q - 7*n = -6*n + 5. Suppose 8*u - 23972 + 4620 = q. Is u composite?
True
Let z(x) = 45*x**2 + 3*x + 1. Let w be ((-32)/(-6))/2 - 15/(-45). Is z(w) a composite number?
True
Is (-6647328)/864*(-2 - -1 - 2) a composite number?
False
Let a be 7046620/(-28) - (2/1 + 0). Is (2/6)/(9/a*-3) a prime number?
False
Let j be ((-245)/(-4))/5 - 2/8. Suppose 3*u - 15*t - 558 = -j*t, -5*u + 2*t = -945. Is u a prime number?
True
Suppose -5*t = -3*i - 80, t + 0*i = -4*i + 16. Suppose -9*x + t = -11. Is (-2)/(4*x/(-16410)) a prime number?
False
Suppose 0*j - 5*j - 4*w = -632, -4*w = -12. Let k = j + 127. Is k prime?
True
Let g(j) = j + 9. Let m be g(-9). Suppose -3*p + 16 = 5*f, m*p + 2*p - 8 = -2*f. Suppose f*x - 3*l - 121 = 344, -x + 5*l + 222 = 0. Is x a prime number?
False
Suppose 4*r - 521486 = 2*v - 4*v, -5*r + 2*v = -651871. Is r composite?
True
Let u(s) = s**2 + 16*s - 163. Is u(-38) composite?
False
Let v(h) = 467*h**3 - 230*h**2 + 2094*h + 3. Is v(10) prime?
False
Is 1696603 + -12*(-12)/(8 - 32) composite?
True
Suppose -3*v = -3*s - 22719, 4*s + 2871 = v - 4699. Suppose h - v = 3963. Is h a composite number?
True
Let t be (-31)/(-6) - ((-14)/(-12))/7. Suppose c = -c + 8, j - t*c = -14. Suppose j*a - 320 = 946. Is a a composite number?
False
Let v(n) = -17*n + 14 - 9 - 36 + 9. Suppose 4*f + 3 + 49 = 0. Is v(f) prime?
True
Suppose 5*i + 2*x = 6*x + 16, 4 = 2*i - 4*x. Let k = i - 70. Let g = 125 + k. Is g a prime number?
True
Let o(q) = -730*q + 271. Is o(-7) a composite number?
False
Let v(b) be the first derivative of b**4/4 - 19*b**3/3 - 4*b**2 + 11*b + 259. Suppose 20 = 2*z - 20. Is v(z) prime?
True
Suppose -9*z + 4*z = -72185. Let a = z + 62358. Is a composite?
True
Let r = 73 - 61. Let i(b) = 43*b**2 - 13*b - 23. Is i(r) prime?
False
Let b(t) be the third derivative of -4*t**6/15 + t**5/60 - t**4/12 - 17*t**3/6 - 2*t**2. Is b(-8) a prime number?
True
Let s be (-63020)/55 + (-2)/11. Is (s/24)/((-1)/12) a prime number?
False
Let x = -724793 - -1316650. Is x a composite number?
True
Suppose -4*r + 3*p + 21247 = 0, 0*r - r + 5317 = p. Suppose -11*t + 22*t = -34485. Let f = r + t. Is f composite?
False
Suppose 23*d + 10 + 13 = 0. Is (d*